divisor of 104 and h?
52
Let g(c) = c + 2. Let w be g(2). Suppose 3*f = w*f + 5*q - 53, 2 = 2*q. Calculate the highest common divisor of 72 and f.
24
Suppose 3*b - 14*d + 17*d - 255 = 0, 3 = -3*d. Calculate the greatest common factor of b and 215.
43
Let l(s) = 35*s - 19. Let t be l(2). Suppose 3*b + z = t, 5*b - 3*z - 85 = -5*z. What is the highest common factor of 136 and b?
17
Let p = -1724 - -1783. Calculate the greatest common factor of 944 and p.
59
Let k(i) = -177*i - 3. Let p be k(-2). Calculate the highest common divisor of 39 and p.
39
Suppose 8*q = 5*q - 51. Let n be 21/(-49) - q/7. Suppose -n*p + 72 = 4*p. What is the highest common factor of 24 and p?
12
Let c(s) = -s**3 + 4*s**2 - 2*s + 1. Let n = 1 - -3. Let a be c(n). Let h be 30*a/((-105)/72). Calculate the greatest common factor of 16 and h.
16
Let o(l) = 179*l - 6. Let t be o(2). Suppose 172 = 4*n - 4*h, 0 = n + 2*h + 18 - 55. Let v = -9 + n. Calculate the highest common factor of v and t.
32
Let m = 38 + -30. Suppose m = 7*c - 5*c. Let s be 27/c + (-33)/44. What is the greatest common divisor of 15 and s?
3
Suppose -42*v + 6572 + 3382 = 0. What is the greatest common divisor of v and 9?
3
Suppose 0 = -b + 1 + 1. Let n(v) = -3*v**2 + 5*v - 8*v + 4*v**b + 10*v. Let k be n(-8). What is the highest common factor of 8 and k?
8
Let b be 228/(-63)*15*-77. What is the highest common factor of 55 and b?
55
Let s be 0/(2/(3/(-3))). Suppose s = -2*d + d + 4. Suppose d*f - f = 3. What is the greatest common divisor of 7 and f?
1
Let p be (-66)/(-11) + (-3)/1. Suppose -4*o + 157 = p*d, 5*d + 85 = 2*o - 0*d. Calculate the greatest common factor of 16 and o.
8
Suppose 0 = 415*k - 410*k - 990. What is the greatest common factor of k and 418?
22
Suppose 17*z - 1412 = 135. What is the greatest common divisor of 39 and z?
13
Suppose 0 = -27*v + 1479 + 465. What is the greatest common divisor of 888 and v?
24
Let n = -13 - -25. Suppose -5*p + 64 = -0*t + 3*t, 0 = p + t - n. Let k = -7 + 9. Calculate the greatest common divisor of k and p.
2
Let f be 2/((-2)/(-41)) - 1. Let w be -50*(96/(-4))/12. Calculate the highest common factor of w and f.
20
Suppose 2 = 3*s - 10. Let p be 42 - ((-1 - 1) + s). Let g(f) = -4*f + 4. Let y be g(-4). What is the highest common divisor of y and p?
20
Let y be (-360)/(-25) + (-8)/20. Let z = y + 66. Calculate the highest common factor of z and 10.
10
Suppose n - 57 - 21 = 0. What is the greatest common factor of n and 195?
39
Let f be ((-28)/16 - -1)*40/(-3). Calculate the greatest common divisor of 110 and f.
10
Let x = -358 + 400. What is the highest common factor of x and 105?
21
Let n be (-144)/(-7) + (-28)/49. Let g = -5 - -8. Let t be 1/(g*(-1)/(-150)). Calculate the highest common factor of n and t.
10
Let z be 0 + -4 - 135/(-15). Suppose z - 1 = -4*n, 3*y - 3*n = 63. Calculate the highest common divisor of 140 and y.
20
Let y(z) = z**3 - 21*z**2 + 26*z - 9. Let t be y(20). Suppose -5*l + 28 = 3*v - 245, -5*l - t = -v. What is the greatest common divisor of 32 and v?
32
Let h(k) = -k**3 - 5*k**2 - 10*k + 24. Let i be h(-5). Calculate the highest common factor of i and 185.
37
Suppose 0 = -76*z + 81*z - 230. What is the greatest common divisor of 575 and z?
23
Suppose 0 = -4*b + y - 3, -6*b + y = -b + 5. Let s = b - -2. Suppose a - 13 = -s*a. What is the greatest common factor of a and 65?
13
Let f(x) = 3*x**3 + 18*x**2 - 6*x - 12. Let v = -155 - -149. Let c be f(v). What is the highest common divisor of 144 and c?
24
Let u be (-2)/(-5) + 103/5. Suppose u = m - 5*m + 3*f, m = -4*f + 9. Let q be (-1 - -37 - m) + 1. Calculate the highest common divisor of q and 8.
8
Let a(y) = -20*y**3 + 2*y + 2. Suppose 0 = -14*l - 10 - 4. Let g be a(l). Calculate the greatest common factor of 15 and g.
5
Suppose 29 = 3*k - 3*z + 5, -3*k - 3*z + 36 = 0. Let r be ((-765)/(-34))/(3/4). What is the greatest common divisor of k and r?
10
Let n be 273/(-9) - (-2)/6. Let s be -4 + 1 + 1 - n. Let i = -571 + 578. Calculate the highest common divisor of i and s.
7
Let j(w) = -w**3 + 6*w**2 - 3*w + 5. Let f be j(6). Let z = f - -15. What is the greatest common factor of 22 and z?
2
Let b be (-14)/(-3) + (-4)/6. Let p(o) = o**3 - 4*o**2 + 11*o + 8. Let i be p(4). Calculate the greatest common divisor of b and i.
4
Let c(h) = h**2 + 4*h + 10. Suppose j + 5 = -4*j. Let i be (-1)/((-1)/4)*j. Let v be c(i). What is the highest common divisor of 90 and v?
10
Suppose t - 2*c = 11, 39 = -0*t + t + 5*c. Suppose -q + t = -31. Let u be (-12)/30 + (-52)/(-5). What is the greatest common factor of q and u?
10
Let w(a) = a**3 + 7*a**2 - 26*a - 4. Let p be w(4). What is the greatest common divisor of 2788 and p?
68
Let v = -134 - -142. Let c(j) = -56*j. Let f be c(-1). Calculate the highest common divisor of f and v.
8
Suppose -25*w = 5*v - 29*w - 4652, 4*w = 3*v - 2796. Calculate the greatest common divisor of v and 58.
58
Let m(k) = -64*k**2 + 6 + k**3 - 2*k + 80*k**2 + 7. Let w be m(-16). Calculate the highest common factor of 9 and w.
9
Let x be -2 + (-2 - -4 - -6). Let i = 10 - x. Suppose -5*l = 2*j - i - 36, -2*l - 2*j = -10. Calculate the greatest common divisor of 110 and l.
10
Let d(t) = -5*t. Let h = -13 - -13. Suppose h = -2*g + 2*a - 8, -a + 15 + 1 = -5*g. Let n be d(g). What is the greatest common divisor of n and 10?
5
Suppose 0 = 3*n + 4*h + 45, 5*n + 0*h + 75 = h. Let w = n + 17. Calculate the highest common divisor of 8 and w.
2
Let r be (-38)/(-10) - 1/(-5). Suppose l + 97 = -3*s + r*s, -3*s + 296 = 2*l. Calculate the highest common factor of 14 and s.
14
Let g(f) = 17*f - 9. Let r be g(1). Let t be -3 - -2 - (2 + -5). Calculate the greatest common divisor of r and t.
2
Let i = -24 - -32. Suppose 0 = 2*z - i*z + 60. Calculate the highest common factor of z and 40.
10
Let j be (5/10)/(1/8). Suppose -21 = -j*x + x. Let d(q) = 20*q + 4. Let f be d(x). What is the highest common factor of 18 and f?
18
Let t = -8 - -11. Let d = -21 + 21. Suppose d*o - t = -3*o. Calculate the greatest common factor of o and 7.
1
Let y be ((-2)/(-4))/((-3)/(-600)). Let d be y/6 - 13/(-39). What is the greatest common factor of 17 and d?
17
Let g(y) = -3*y + 37. Let v be g(-24). Let h = v - 95. Calculate the highest common divisor of h and 238.
14
Let i(z) = -z**3 + 18*z**2 - 9*z + 24. Let g be i(17). What is the highest common divisor of 800 and g?
160
Let i(g) = -2*g**2 + 15*g - 1. Let k(t) = -4*t - 5. Let l be k(-3). Let a be i(l). What is the highest common divisor of 6 and a?
6
Let u(m) be the second derivative of -m**5/20 + 3*m**4/2 - 29*m**3/6 + 17*m**2/2 + 22*m. Let b be u(16). Calculate the highest common divisor of 13 and b.
13
Let n = 1784 + -1693. What is the greatest common factor of 21 and n?
7
Suppose 3*l = -r + 4*l + 14, 0 = 4*l - 4. Let j = r - -5. Calculate the highest common divisor of j and 8.
4
Let f be (11/44)/(5/140). What is the greatest common factor of 511 and f?
7
Suppose -7*w + 32 + 80 = 0. Suppose 2*t = -4*c + w, -5*c + 5*t + 64 = 14. Calculate the greatest common factor of 66 and c.
6
Suppose -59*u + 190 = -164. Calculate the highest common factor of 129 and u.
3
Let x(u) be the second derivative of -u**5/20 - u**4/2 + 7*u**3/3 - 11*u**2/2 - 24*u. Let t be x(-8). What is the greatest common divisor of t and 35?
5
Suppose 4*a = -3 - 9. Let p be (54/(-2))/(a/4). What is the greatest common factor of p and 60?
12
Suppose z + 6 = -0*l - 5*l, 0 = -5*z + l + 48. Let h be 2/3 + 30/z. Let r be h*-1*(-3)/4. Calculate the highest common factor of 27 and r.
3
Let y be (22/6)/((-1)/(-3)). Let v(k) = k**2 + 27*k + 41. Let t be v(-29). What is the highest common factor of t and y?
11
Let n be 18/(-3)*20/(-3). Calculate the greatest common divisor of 8 and n.
8
Suppose 2*j - 45 = -3*x + 291, -3*x - 3*j + 339 = 0. Let w be 44/4 - (2 - -1 - 2). Calculate the greatest common factor of x and w.
10
Let v(u) be the first derivative of u**4/2 + u**3/3 - u**2 + 2*u - 13. Let o be v(2). Calculate the highest common divisor of 36 and o.
18
Let k be (40/(-8))/(-15)*(-3 + 0). Let d(o) be the second derivative of -5*o**5 - o**4/12 + o. Let u be d(k). Calculate the highest common factor of u and 11.
11
Suppose 1055 = -15*k + 3335. Calculate the highest common divisor of k and 133.
19
Let u be -1 + (4